mposite?
True
Is 1132861 a composite number?
False
Is 147290357 prime?
True
Is 15188593 prime?
False
Is 203723099 prime?
True
Is 32748131 a composite number?
True
Is 1075895 a prime number?
False
Is 540317 prime?
False
Is 4060757 a composite number?
True
Is 42641969 a composite number?
False
Is 289408721 composite?
True
Is 297764645 prime?
False
Is 2879939 a prime number?
False
Is 316246061 a composite number?
False
Is 1706921 prime?
False
Is 578182805 prime?
False
Is 656457097 composite?
True
Is 1102301 a composite number?
False
Is 15779119 composite?
False
Is 515567 a composite number?
True
Is 2989295 a prime number?
False
Is 218279 prime?
True
Is 38515611 a prime number?
False
Is 661031 prime?
False
Is 15144362 a prime number?
False
Is 78435421 prime?
True
Is 197069429 composite?
False
Is 3198649 a prime number?
True
Is 4057631 a prime number?
True
Is 250632359 a composite number?
True
Is 82705421 a composite number?
False
Is 46304833 composite?
False
Is 170463581 prime?
False
Is 60257633 a composite number?
True
Is 48860269 a composite number?
False
Is 4900163 a prime number?
False
Is 27356279 composite?
False
Is 23209717 prime?
True
Is 81193641 a composite number?
True
Is 62714059 a prime number?
True
Is 4980047 a prime number?
True
Is 87032921 a prime number?
False
Is 44317289 composite?
True
Is 6587549 prime?
True
Is 1563539 prime?
True
Is 9188869 composite?
False
Is 51943 composite?
True
Is 83983513 a prime number?
True
Is 20667635 composite?
True
Is 166757 composite?
True
Is 11050877 prime?
False
Is 559049 a prime number?
True
Is 220033003 a prime number?
False
Is 48411361 prime?
True
Is 41980171 composite?
False
Is 89736067 a composite number?
True
Is 1799503 prime?
True
Is 151850497 a composite number?
False
Is 4772545 a prime number?
False
Is 5552581 prime?
True
Is 4121641 a prime number?
True
Is 2237219 a composite number?
False
Is 6128519 prime?
False
Is 740948041 prime?
True
Is 3737623 a prime number?
False
Is 1455803 a composite number?
True
Is 92161817 composite?
True
Is 996143 prime?
True
Is 6193 a prime number?
False
Is 101330623 a composite number?
False
Is 63758173 a prime number?
False
Is 25245491 a composite number?
False
Is 14182771 a prime number?
True
Is 12828031 a composite number?
False
Is 14506477 composite?
False
Is 47004959 a composite number?
True
Is 15621581 prime?
True
Is 52625029 a prime number?
False
Is 945223 prime?
False
Is 4833221 a prime number?
False
Is 72788839 prime?
True
Is 1429143149 a composite number?
True
Is 11672807 prime?
False
Is 9092483 composite?
True
Is 33036259 composite?
False
Is 191673721 a composite number?
True
Is 8860453 a prime number?
False
Is 877357 a composite number?
True
Is 11151169 prime?
True
Is 3035533 composite?
True
Is 1546742 composite?
True
Is 10169779 prime?
False
Is 965467 composite?
False
Is 59243731 composite?
False
Is 70812537 prime?
False
Is 50349659 a prime number?
True
Is 156014507 a composite number?
True
Is 154231333 composite?
False
Is 799849 a prime number?
False
Is 370713401 prime?
True
Is 19392601 prime?
True
Is 9867019 a composite number?
True
Is 15568297 composite?
True
Is 36580771 prime?
False
Is 46772549 a prime number?
False
Is 3198149 a composite number?
True
Is 10984687 prime?
False
Is 6951233 composite?
False
Is 201428231 composite?
False
Is 269507839 prime?
False
Is 5180099 prime?
True
Is 2146483 a composite number?
False
Is 1297519 composite?
False
Is 5361626 prime?
False
Is 42519206 composite?
True
Is 8154479 prime?
False
Is 9752969 a composite number?
False
Is 221294 prime?
False
Is 4595849 prime?
True
Is 19205677 prime?
True
Is 652537 prime?
False
Is 3664031 a prime number?
False
Is 182887 composite?
False
Is 451359569 a prime number?
False
Is 6681287 composite?
False
Is 3749861 composite?
False
Is 147422563 a prime number?
True
Is 9433789 composite?
True
Is 408489 a prime number?
False
Is 16542113 composite?
True
Is 273111929 prime?
True
Is 15318509 a prime number?
True
Is 253901 composite?
False
Is 3377393 a prime number?
True
Is 34758473 prime?
True
Is 30174281 prime?
True
Is 84989173 a composite number?
False
Is 1366423831 composite?
False
Is 124941803 a prime number?
False
Is 15024539 a prime number?
False
Is 20862841 composite?
False
Is 2752633 prime?
False
Is 6189409 a prime number?
False
Is 8501579 composite?
False
Is 624974165 a prime number?
False
Is 24511961 composite?
False
Is 93015817 a composite number?
True
Is 11974169 a prime number?
True
Is 148176295 composite?
True
Is 211411 composite?
True
Is 9647637 composite?
True
Is 2098181 prime?
False
Is 423474851 prime?
True
Is 3768523 a prime number?
False
Is 409219069 a prime number?
False
Is 175132297 composite?
False
Is 2979397 composite?
True
Is 448753553 a composite number?
False
Is 45448783 a composite number?
True
Is 21193511 a prime number?
False
Is 28571227 composite?
False
Is 235435 a prime number?
False
Is 119159 prime?
True
Is 89271587 prime?
True
Is 176829407 prime?
True
Is 260763707 a composite number?
False
Is 2129671 a prime number?
True
Is 7222223 prime?
False
Is 6031591 prime?
True
Is 940852919 a prime number?
True
Is 5133831 a prime number?
False
Is 612809627 a composite number?
True
Is 1604021 a composite number?
False
Is 613981 a composite number?
False
Is 9698285 composite?
True
Is 687469 composite?
True
Is 20655241 a prime number?
True
Is 67229014 a composite number?
True
Is 216473486 prime?
False
Is 1103339 composite?
False
Is 37890187 prime?
True
Is 7769219 composite?
False
Is 1208069 prime?
True
Is 10939207 prime?
True
Is 34613797 a composite number?
True
Is 36048599 composite?
False
Is 9223847 prime?
True
Is 980521 a composite number?
True
Is 70190027 prime?
True
Is 2979299 prime?
True
Is 7817449 a composite number?
False
Is 9281858 composite?
True
Is 222445913 a composite number?
False
Is 4447901 a composite number?
True
Is 8145614 a prime number?
False
Is 28367 prime?
False
Is 1930787 composite?
True
Is 354908089 a prime number?
True
Is 32637197 a composite number?
False
Is 107152447 prime?
True
Is 1932823 a composite number?
False
Is 7025287 composite?
False
Is 41580743 a prime number?
True
Is 350123011 composite?
True
Is 9507287 a prime number?
True
Is 139423 a prime number?
True
Is 582119 composite?
False
Is 222455 a composite number?
True
Is 3064391 a prime number?
False
Is 1345507 prime?
True
Is 8181833 a composite number?
True
Is 87704137 a prime number?
False
Is 1356833 a prime number?
False
Is 71689231 a prime number?
False
Is 2758081 composite?
True
Is 537896549 a composite number?
True
Is 58703947 composite?
True
Is 6771187 a composite number?
False
Is 11475551 composite?
True
Is 17054311 composite?
False
Is 8696893 a prime number?
True
Is 4840921 a prime number?
True
Is 8567431 a prime number?
False
Is 30516947 a composite number?
True
Is 3598921 prime?
True
Is 184973639 composite?
False
Is 1881229 a composite number?
True
Is 3751177 prime?
True
Is 13489167 prime?
False
Is 14023465 composite?
True
Is 278974 a prime number?
False
Is 32764649 a prime number?
True
Is 9271 a composite number?
True
Is 31803217 a composite number?
False
Is 70175057 prime?
True
Is 42005065 prime?
False
Is 4396681 a composite number?
False
Is 5777089 a prime number?
True
Is 8329261 a prime number?
False
Is 3112237 prime?
True
Is 48725033 a composite number?
True
Is 3440797 composite?
True
Is 4731163 composite?
False
Is 2436817 a prime number?
False
Is 10983277 a prime number?
True
Is 1977298 a composite number?
True
Is 6744551 prime?
False
Is 136312291 a prime number?
True
Is 5075501 a composite number?
False
Is 1367520917 composite?
True
Is 393611 a composite number?
False
Is 15928033 prime?
False
Is 337672999 prime?
True
Is 2262407 composite?
True
Is 39058409 a prime number?
False
Is 65230693 a prime number?
False
Is 38051707 composite?
False
Is 21167297 prime?
True
Is 894667 prime?
True
Is 140350235 a composite number?
True
Is 1379247 a composite number?
True
Is 3814571 a composite number?
True
Is 36106417 prime?
True
Is 4740829 a composite number?
True
Is 43701557 a composite number?
False
Is 516905093 composite?
False
Is 9738877 composite?
True
Is 145229 a composite number?
True
Is 2215453 a prime number?
False
Is 3233029 composite?
False
Is 11723671 prime?
Fals